 + 62 = -3*m, -h - 6 + 16 = 2*m. Suppose -4*k - h = -y, 3*y - o = -0*y + 3*k. What is the units digit of y?
4
Let r = 9 - -11. Suppose -161 - r = -3*q + 4*h, -4*h + 94 = 2*q. What is the tens digit of q?
5
Let w = 59 + -53. What is the units digit of (-8)/(-10)*285/w?
8
Suppose -4*p + 4*y = -203 + 39, 0 = -5*p + y + 201. Let k = 3 + 1. Suppose -4*i = -k, 4*q + 3*i = 3*q + p. What is the tens digit of q?
3
Suppose 3*w - 726 = -y, -4*y + 4*w = -0*y - 2856. Suppose g + 3*m - 118 = 0, -4*m - y = -5*g - 165. What is the units digit of g?
2
Suppose 3*u - 2*y - 20 = 2, -4*u + 3*y = -28. Let i = u + -4. Suppose -3*n + 4*s = 9*s - 207, -i = -2*s. What is the tens digit of n?
6
Suppose 0 = t + 15 - 9. Let b(j) = j**2 + 6*j. Let x be b(t). Suppose x = -11*m + 13*m - 126. What is the units digit of m?
3
What is the tens digit of 5/(-4) + 2 + (-304635)/(-60)?
7
Suppose 4*x = -6*x + 3400. What is the hundreds digit of x?
3
Let n be -4 + ((-453)/(-9) - 8/6). What is the tens digit of n + -5 + 28/4?
4
Let a(l) = 22*l - 52. What is the units digit of a(7)?
2
Suppose 0 = t - 2 - 13. Let g = t - 13. Suppose 0 = -3*w, -w + 8 = 4*q - g*w. What is the units digit of q?
2
Let a(s) = 2*s**3 - 12*s**2 - 19*s + 81. What is the units digit of a(12)?
1
Suppose 2*d - 3374 = 3*t, -25*d + 27*d = -4*t + 3402. What is the thousands digit of d?
1
Suppose 4*f + 2571 = 12431. What is the units digit of f?
5
What is the hundreds digit of ((-1914)/42 + 3)*21/(-6)?
1
Suppose z = 2*a - z - 374, 0 = -2*a - 3*z + 369. Suppose t - 4*t + a = 0. What is the tens digit of t?
6
Let u = 87 + -85. What is the tens digit of 359/u - (-5)/(-10)?
7
Let o(c) = 7*c - 14. Let t be (-5)/75*-5*-3. Let n be t/(-1) - 200/(-20). What is the tens digit of o(n)?
6
Let i(f) = -f - 13. Let q be i(-6). Let k = -4 - q. Suppose -9 = k*u, 4 = -4*s - 4*u + 60. What is the units digit of s?
7
Let q = 84 + -68. Suppose -b + 131 = 2*r, -9 = -13*r + q*r. What is the units digit of b?
7
Let r(z) = -4*z**3 + 3*z**2 - z - 1. Let y(n) = n**3 - n**2 + 1. Let s(k) = r(k) + y(k). Let t be s(1). Let d = 4 - t. What is the units digit of d?
6
Let n = -66 - -69. Suppose 560 = 3*x - 5*d, -3*x + 330 = n*d - 270. What is the units digit of x?
5
Let a(p) = -4*p - 4*p - 5*p. Let j be a(-1). Suppose 4*w - 89 = -j. What is the units digit of w?
9
Suppose 2*k + 48 = 4*k. Suppose -3*z = -0*z - k. Suppose z*d = 4*d + 100. What is the units digit of d?
5
What is the tens digit of (-2394)/(-3) - (-7 - 0)?
0
Let s(c) = -13*c**3 + 3*c**2 - 2*c - 1. Let a = -13 - -11. What is the hundreds digit of s(a)?
1
Let g = 27 + -27. Suppose 3*h - 3*l + 5*l + 203 = 0, 4*h - 5*l + 309 = g. Let i = -37 - h. What is the tens digit of i?
3
Let a be (21/(-28))/((-1)/12). Let l = a - 7. Suppose 0 = -4*d + l*n + 46, 3*d - 2*n - 27 = 2*n. What is the units digit of d?
3
Suppose 2428 - 49814 = -58*z. What is the units digit of z?
7
Let v be 41/(6/3 - 1). Let l be 3/3 - (1 - v). Suppose 4*w = l + 79. What is the tens digit of w?
3
Let l = 1592 - 284. What is the thousands digit of l?
1
Let x = -59 + 54. What is the tens digit of 158 + x*(1 - 0)?
5
Suppose -521 = -d - 5*u, -2*d - 2*u - 1512 = -5*d. What is the units digit of d?
6
Suppose -u - 4*o - 10 = 0, 0*o + 5*o = 3*u - 21. Suppose a = -l + 81, -35 = u*l + a - 194. What is the units digit of l?
8
Let q be (3/(-6))/(2/(-16)). Suppose -2*g - 111 = -3*u - 3*g, -q*g = -12. What is the units digit of u?
6
Let m(s) = 5*s - 7. Let q = 9 - 14. Let k = 11 + q. What is the tens digit of m(k)?
2
What is the units digit of (16/(-5))/(-4) + 12292/35?
2
Let j(v) be the first derivative of v**4/12 + 11*v**3/6 - 4*v**2 - v + 2. Let k(g) be the first derivative of j(g). What is the units digit of k(-14)?
4
Let q(x) = x**2 - 13*x - 42. What is the tens digit of q(-9)?
5
Suppose -5*w = -2*t + 106 + 47, w + 3 = 0. What is the units digit of t?
9
Suppose -5*r + 283 = -367. Suppose -o - o + r = 0. What is the tens digit of o?
6
Suppose -7*h + 10268 = 10*h. What is the units digit of h?
4
Let o(v) = -12*v - 4. Let z be o(-7). Let g = 152 - z. What is the tens digit of g?
7
Let n be 61 - (180/(-81) + (-2)/(-9)). Suppose -3*y + 5*v + n = 0, -y = -0*v + 5*v - 41. What is the tens digit of y?
2
Suppose j - 21 = 51. Suppose d = 77 + j. Let f = d + -86. What is the units digit of f?
3
Let f(h) = -6*h**3 + h + 1. Let c be f(-1). Suppose -c*q = -q. Suppose q*a - 210 = -5*a. What is the units digit of a?
2
Let b = -251 - -252. What is the units digit of b?
1
Suppose 0 = -3*h + 16 - 7. Suppose -4*d = 3*f - 377, h*f - 78 = -d + 23. What is the units digit of d?
2
Let a be 2*6*(-2)/(-8). Suppose a*d - 2 - 4 = 0. Suppose 4*r - 11 = -o + d*r, o + 3*r - 9 = 0. What is the units digit of o?
5
Let q(f) = -22*f**3 - 2*f**2 - f - 2. Let g be q(-2). Let y = g - 83. What is the tens digit of y?
8
Suppose -5*u + 7 + 13 = 0. Suppose -30 = -u*a + 10. Suppose -5*w + 10 + a = 0. What is the units digit of w?
4
Let m be (4 - (1 + -102))*1. Suppose 0 = 6*i - 11*i + m. What is the tens digit of i?
2
Let l(z) = 6*z + 1. Let p be l(-2). Let v be (7 - 1)*(p + 9). Let t(n) = -2*n + 3. What is the units digit of t(v)?
7
Let l(j) = j**3 - 5*j**2 - 7*j + 19. Suppose -8 = -4*f + 28. What is the units digit of l(f)?
0
Suppose 3*g + 6 = 168. Let y = -47 + g. What is the units digit of y?
7
Suppose -5*s = 4*x - 4*s - 1257, 5*s = 5*x - 1565. What is the units digit of x?
4
Suppose -g + 873 = 2*g. Suppose -g = -5*z - 91. What is the tens digit of z?
4
Suppose -5*s + v + 23 = 3*v, 3*v = 4*s - 23. Let k(y) = 2*y**2 - 5*y + 12. What is the units digit of k(s)?
7
Let t(m) = m**3 - 4*m**2 - m + 2. Let k be t(4). Let c(d) = -d**3 + 9*d**2 - 13*d + 35. Let g be c(8). Let b = k - g. What is the units digit of b?
3
Suppose 520 = 2*c + 6*c. What is the units digit of c?
5
Let n be (-1 - (-28)/8) + (-2)/(-4). Suppose -3*r + 205 + 191 = -3*z, -n*r - 3*z = -384. What is the hundreds digit of r?
1
Suppose -o + 2*i + 39 = 0, -6*o = -o + 4*i - 125. Let a = -25 - o. Let m = a - -97. What is the tens digit of m?
4
Let i(k) = 3150*k**3 - 9*k**2 + 10*k - 2. What is the hundreds digit of i(1)?
1
Let i be (2/((-2)/(-7)))/(-1). Let n = i + 7. Suppose -4*u - 3 + 87 = n. What is the units digit of u?
1
Let b(q) be the first derivative of -10*q**2 + 19. What is the tens digit of b(-4)?
8
Let o(n) = 92*n**2 - n. Let s be o(-1). Let z(p) = -p**3 - 41*p**2 - 77*p + 41. Let q be z(-39). Suppose -s = -q*d + 49. What is the units digit of d?
1
Let x be ((-3)/2)/(7/(-14)). Suppose -5*h + m - 2*m + 13 = 0, -2*m = -x*h. Suppose -h*f + 3*j + 68 = 5*j, -4*f = -3*j - 171. What is the tens digit of f?
3
Suppose -2*a + 718 = 3*k, 2*a + 5*k = k + 720. What is the tens digit of a?
5
What is the hundreds digit of ((-29)/3)/(1 + 196/(-189))?
2
Let r(c) be the first derivative of -33*c**4/4 + 7*c**2/2 + 9*c - 22. What is the tens digit of r(-2)?
5
Suppose 3*s + 2*s - 84 = 3*t, 3*t = s - 24. Let p = s + -31. Let b = p - -33. What is the tens digit of b?
1
Suppose 0 = -z + 4*j + 629, 2436 = 4*z - 12*j + 16*j. What is the units digit of z?
3
Suppose -3*o + 0*o - 6 = -3*c, -4*c = 20. Let m(r) = 23*r + 14. Let j(f) = -11*f - 7. Let k(g) = 13*j(g) + 6*m(g). What is the units digit of k(o)?
8
Let f(o) = 50*o**2 - 2*o. What is the hundreds digit of f(3)?
4
What is the tens digit of (3/2)/(3/134)?
6
Suppose 223 - 931 = -3*x - 5*h, h = 0. What is the tens digit of x?
3
Let n(f) = 2*f**3 + 7*f**2 + 8*f + 16. What is the units digit of n(7)?
1
Suppose 0 = 4*c + 31 - 15, -4940 = -3*t - 4*c. What is the units digit of t?
2
Let d = 1048 - 274. What is the hundreds digit of d?
7
Let q = 47 + -45. Suppose 1 = q*y + 3, 5*y = 2*x - 557. What is the units digit of x?
6
Let d(c) be the third derivative of -53*c**6/120 - c**3/6 + 8*c**2. What is the tens digit of d(-1)?
5
Let v(s) = -2*s - 2. Let g = 16 + -2. Let h be v(g). Let t = h + 71. What is the units digit of t?
1
What is the tens digit of (-2 - (-36630)/27)*3?
6
Let w(f) = 22*f**2 + 106*f + 6. What is the thousands digit of w(7)?
1
Let a = 59 + -53. What is the tens digit of (58 - -6) + a - (-4 - -1)?
7
Suppose -4*s - 347 = -5*i, -4*i - 8*s = -3*s - 294. Let t be (-4)/(-14) + 4308/(-84). Let u = t + i. What is the tens digit of u?
2
What is the hundreds digit of (756/77 - 10